{"id":25469,"date":"2023-11-19T14:52:47","date_gmt":"2023-11-19T12:52:47","guid":{"rendered":"https:\/\/www.mycampermarket.com\/?post_type=accessoires&#038;p=25469"},"modified":"2023-11-19T14:52:47","modified_gmt":"2023-11-19T13:52:47","slug":"auvent-milestone-dash-25469","status":"publish","type":"accessoires","link":"https:\/\/www.mycampermarket.com\/de\/accessoires\/auvent-milestone-dash-25469\/","title":{"rendered":"Auvent Milestone Dash"},"content":{"rendered":"<p>Das Vordach Milestone Dash mit seinem sehr kompakten Format erm\u00f6glicht es Ihnen, zus\u00e4tzlichen Platz an Ihrem Kastenwagen zu gewinnen, um all Ihre Bed\u00fcrfnisse auf Ihren Sommerreisen abzudecken.<\/p>\n<p>Das seitliche Vorzelt Milestone Dash wird aus Outtex\u00ae 3000 Select und 100 % Polyester gefertigt, was es \u00e4u\u00dferst widerstandsf\u00e4hig und wasserdicht gegen \u00e4u\u00dfere Einfl\u00fcsse im Sommer macht. Es ist zudem mit einem flammhemmenden Material ausgestattet, um den neuesten Vorschriften f\u00fcr Materialien zu entsprechen, die f\u00fcr Vorzelte bestimmt sind.<br \/>\nDas seitliche Vorzelt mit seinen Klettverschlussb\u00e4ndern auf dem Doppeldach und den Masten gew\u00e4hrleistet Stabilit\u00e4t und Widerstandsf\u00e4higkeit gegen starke Winde oder Regen. Bei Regen bieten die thermisch verschwei\u00dften N\u00e4hte einen zuverl\u00e4ssigen Schutz gegen eindringende Feuchtigkeit.<\/p>\n<p>Die integrierte Sch\u00fcrze und der integrierte Bodenteppich (wasserdicht) erm\u00f6glichen einen sauberen und zugfreien Zugang zwischen dem Vorzelt und dem Fahrzeug. Der aus Duratec-Fiberglas gefertigte Bogen festigt und versteift die Struktur, und die Abspannseile sind bei starkem Wind mithilfe von Clips zus\u00e4tzlich gesichert. Das Vorzelt verf\u00fcgt \u00fcber eine gro\u00dfe \u00d6ffnung mit Moskitonetz zum Schutz vor Insekten, gro\u00dfe get\u00f6nte Fenster sowie Vorh\u00e4nge zum Schutz der Privatsph\u00e4re, und die R\u00fcckseite ist vollst\u00e4ndig offen f\u00fcr einen einfachen Zugang zum Fahrzeug.<br \/>\nDie Vorh\u00e4nge k\u00f6nnen durch Knebel ge\u00f6ffnet oder geschlossen gehalten werden. Die Fenster sind get\u00f6nt, um Schutz vor Sonnenlicht zu bieten und mehr Privatsph\u00e4re zu gew\u00e4hrleisten. Das Fahrzeug ist mit Kabeldurchf\u00fchrungen ausgestattet, um Ihr Telefon oder Ihren Computer aufzuladen.<\/p>\n<p>Einmal benutzt in einwandfreiem Zustand<\/p>","protected":false},"excerpt":{"rendered":"<p>Das Vordach Milestone Dash mit seinem sehr kompakten Format erm\u00f6glicht es Ihnen, zus\u00e4tzlichen Platz an Ihrem Kastenwagen zu gewinnen, um zu \u00fcberdachen&amp;&#8230;<\/p>","protected":false},"author":291,"featured_media":25465,"template":"","meta":{"_seopress_titles_title":"Auvent Milestone Dash \u2013 350 \u20ac | Utilis\u00e9 1 fois","_seopress_titles_desc":"Auvent Milestone Dash compact, utilis\u00e9 une fois, en parfait \u00e9tat. Imperm\u00e9able, ignifug\u00e9, moustiquaire incluse. 350 \u20ac.","_seopress_robots_index":"","_seopress_robots_follow":"","_seopress_robots_imageindex":"","_seopress_robots_snippet":"","_seopress_robots_primary_cat":"","_seopress_robots_breadcrumbs":"","_seopress_robots_freeze_modified_date":"","_seopress_robots_custom_modified_date":"","_seopress_robots_canonical":"","_seopress_social_fb_title":"","_seopress_social_fb_desc":"","_seopress_social_fb_img":"","_seopress_social_fb_img_attachment_id":0,"_seopress_social_fb_img_width":0,"_seopress_social_fb_img_height":0,"_seopress_social_twitter_title":"","_seopress_social_twitter_desc":"","_seopress_social_twitter_img":"","_seopress_social_twitter_img_attachment_id":0,"_seopress_social_twitter_img_width":0,"_seopress_social_twitter_img_height":0,"_seopress_redirections_value":"","_seopress_redirections_enabled":"","_seopress_redirections_enabled_regex":"","_seopress_redirections_logged_status":"","_seopress_redirections_param":"","_seopress_redirections_type":0,"_seopress_analysis_target_kw":"","_seopress_news_disabled":"","_seopress_video_disabled":"","_seopress_video":[],"_seopress_pro_schemas_manual":[],"_seopress_pro_rich_snippets_disable_all":"","_seopress_pro_rich_snippets_disable":[],"_seopress_pro_schemas":[],"dmedia_prix":"350","dmedia_type_prix":"Prix \u00e0 discuter","dmedia_etat":"","dmedia_dev":"EUR","dmedia_npa_ville":"68300","dmedia_premium":7,"dmedia_interlocuteur":"h. Philippe","dmedia_tel_contact":"","dmedia_internet":"","dmedia_dte_top":"1700467376","dmedia_galimage":"25465,25466,25467,25468","dmedia_dte_rap":"","dmedia_marque":"","dmedia_modele":"","dmedia_dte_pay":"","dmedia_lgs":"fr","dmedia_annonce_info_lgs":"","dmedia_annonce_info_fr":"","dmedia_annonce_info_ia":"","dmedia_compatible":"","dmedia_an_achat":0,"dmedia_disponibilite":"","dmedia_etape":8},"localisation":[143,37],"marque-accessoire":[],"categorie-accessoires":[461,456],"class_list":["post-25469","accessoires","type-accessoires","status-publish","has-post-thumbnail","hentry","localisation-68-haut-rhin","localisation-france","categorie-accessoires-auvent-sas","categorie-accessoires-equipement-exterieur"],"_links":{"self":[{"href":"https:\/\/www.mycampermarket.com\/de\/wp-json\/wp\/v2\/accessoires\/25469","targetHints":{"allow":["GET"]}}],"collection":[{"href":"https:\/\/www.mycampermarket.com\/de\/wp-json\/wp\/v2\/accessoires"}],"about":[{"href":"https:\/\/www.mycampermarket.com\/de\/wp-json\/wp\/v2\/types\/accessoires"}],"author":[{"embeddable":true,"href":"https:\/\/www.mycampermarket.com\/de\/wp-json\/wp\/v2\/users\/291"}],"wp:featuredmedia":[{"embeddable":true,"href":"https:\/\/www.mycampermarket.com\/de\/wp-json\/wp\/v2\/media\/25465"}],"wp:attachment":[{"href":"https:\/\/www.mycampermarket.com\/de\/wp-json\/wp\/v2\/media?parent=25469"}],"wp:term":[{"taxonomy":"localisation","embeddable":true,"href":"https:\/\/www.mycampermarket.com\/de\/wp-json\/wp\/v2\/localisation?post=25469"},{"taxonomy":"marque-accessoire","embeddable":true,"href":"https:\/\/www.mycampermarket.com\/de\/wp-json\/wp\/v2\/marque-accessoire?post=25469"},{"taxonomy":"categorie-accessoires","embeddable":true,"href":"https:\/\/www.mycampermarket.com\/de\/wp-json\/wp\/v2\/categorie-accessoires?post=25469"}],"curies":[{"name":"wp","href":"https:\/\/api.w.org\/{rel}","templated":true}]}}

<p>Das Vordach Milestone Dash mit seinem sehr kompakten Format ermöglicht es Ihnen, zusätzlichen Platz an Ihrem Kastenwagen zu gewinnen, um all Ihre Bedürfnisse auf Ihren Sommerreisen abzudecken.</p>
<p>Das seitliche Vorzelt Milestone Dash wird aus Outtex® 3000 Select und 100 % Polyester gefertigt, was es äußerst widerstandsfähig und wasserdicht gegen äußere Einflüsse im Sommer macht. Es ist zudem mit einem flammhemmenden Material ausgestattet, um den neuesten Vorschriften für Materialien zu entsprechen, die für Vorzelte bestimmt sind.<br />
Das seitliche Vorzelt mit seinen Klettverschlussbändern auf dem Doppeldach und den Masten gewährleistet Stabilität und Widerstandsfähigkeit gegen starke Winde oder Regen. Bei Regen bieten die thermisch verschweißten Nähte einen zuverlässigen Schutz gegen eindringende Feuchtigkeit.</p>
<p>Die integrierte Schürze und der integrierte Bodenteppich (wasserdicht) ermöglichen einen sauberen und zugfreien Zugang zwischen dem Vorzelt und dem Fahrzeug. Der aus Duratec-Fiberglas gefertigte Bogen festigt und versteift die Struktur, und die Abspannseile sind bei starkem Wind mithilfe von Clips zusätzlich gesichert. Das Vorzelt verfügt über eine große Öffnung mit Moskitonetz zum Schutz vor Insekten, große getönte Fenster sowie Vorhänge zum Schutz der Privatsphäre, und die Rückseite ist vollständig offen für einen einfachen Zugang zum Fahrzeug.<br />
Die Vorhänge können durch Knebel geöffnet oder geschlossen gehalten werden. Die Fenster sind getönt, um Schutz vor Sonnenlicht zu bieten und mehr Privatsphäre zu gewährleisten. Das Fahrzeug ist mit Kabeldurchführungen ausgestattet, um Ihr Telefon oder Ihren Computer aufzuladen.</p>
<p>Einmal benutzt in einwandfreiem Zustand</p>

<p>Das Vordach Milestone Dash mit seinem sehr kompakten Format ermöglicht es Ihnen, zusätzlichen Platz an Ihrem Kastenwagen zu gewinnen, um zu überdachen&amp;&#8230;</p>

Auvent Milestone Dash – 350 € | Utilisé 1 fois

Auvent Milestone Dash compact, utilisé une fois, en parfait état. Imperméable, ignifugé, moustiquaire incluse. 350 €.

Prix à discuter
