{"id":55286,"date":"2026-04-21T09:18:06","date_gmt":"2026-04-21T07:18:06","guid":{"rendered":"https:\/\/www.mycampermarket.com\/?post_type=accessoires&#038;p=55286"},"modified":"2026-04-24T14:44:55","modified_gmt":"2026-04-24T12:44:55","slug":"auvent-de-caravane-ou-de-camping-car-55286","status":"publish","type":"accessoires","link":"https:\/\/www.mycampermarket.com\/de\/accessoires\/auvent-de-caravane-ou-de-camping-car-55286\/","title":{"rendered":"Vorzelt f\u00fcr Caravane oder Wohnmobil"},"content":{"rendered":"","protected":false},"excerpt":{"rendered":"","protected":false},"author":1891,"featured_media":55287,"template":"","meta":{"_seopress_titles_title":"Auvent Cassandra Air 390 cm \u2013 neuf \u2013 999 \u20ac","_seopress_titles_desc":"Auvent Cassandra Air 390 cm neuf, jamais utilis\u00e9. \u00c0 r\u00e9cup\u00e9rer sur place. 999 \u20ac.","_seopress_robots_index":"","_seopress_robots_follow":"","_seopress_robots_imageindex":"","_seopress_robots_snippet":"","_seopress_robots_primary_cat":"","_seopress_robots_breadcrumbs":"","_seopress_robots_freeze_modified_date":"","_seopress_robots_custom_modified_date":"","_seopress_robots_canonical":"","_seopress_social_fb_title":"","_seopress_social_fb_desc":"","_seopress_social_fb_img":"","_seopress_social_fb_img_attachment_id":0,"_seopress_social_fb_img_width":0,"_seopress_social_fb_img_height":0,"_seopress_social_twitter_title":"","_seopress_social_twitter_desc":"","_seopress_social_twitter_img":"","_seopress_social_twitter_img_attachment_id":0,"_seopress_social_twitter_img_width":0,"_seopress_social_twitter_img_height":0,"_seopress_redirections_value":"","_seopress_redirections_enabled":"","_seopress_redirections_enabled_regex":"","_seopress_redirections_logged_status":"","_seopress_redirections_param":"","_seopress_redirections_type":0,"_seopress_analysis_target_kw":"","_seopress_news_disabled":"","_seopress_video_disabled":"","_seopress_video":[],"_seopress_pro_schemas_manual":[],"_seopress_pro_rich_snippets_disable_all":"","_seopress_pro_rich_snippets_disable":[],"_seopress_pro_schemas":[],"dmedia_prix":"999","dmedia_type_prix":"","dmedia_etat":"Neuf","dmedia_dev":"EUR","dmedia_npa_ville":"Mont de marsan","dmedia_premium":7,"dmedia_interlocuteur":"","dmedia_tel_contact":"","dmedia_internet":"","dmedia_dte_top":"1776755886","dmedia_galimage":"55287,55288,55289","dmedia_dte_rap":"","dmedia_marque":"Soplair","dmedia_modele":"Cassandra Air 390cm","dmedia_dte_pay":"","dmedia_lgs":"fr","dmedia_annonce_info_lgs":"","dmedia_annonce_info_fr":"\t\t  Bonjour,\r\n\r\nJe vends cet auvent neuf, jamais utilis\u00e9, mod\u00e8le Cassandra Air 390 cm.\r\nLes dimensions sont sur les photos.\r\n\u00c0 venir chercher sur place.\r\n\r\nMe contacter en priv\u00e9 pour plus d'informations.\r\n\r\nTr\u00e8s bonne journ\u00e9e. \ud83c\udf38","dmedia_annonce_info_ia":"","dmedia_compatible":"","dmedia_an_achat":2026,"dmedia_disponibilite":"","dmedia_etape":8},"localisation":[198,37],"marque-accessoire":[],"categorie-accessoires":[461,456],"class_list":["post-55286","accessoires","type-accessoires","status-publish","has-post-thumbnail","hentry","localisation-40-landes","localisation-france","categorie-accessoires-auvent-sas","categorie-accessoires-equipement-exterieur"],"_links":{"self":[{"href":"https:\/\/www.mycampermarket.com\/de\/wp-json\/wp\/v2\/accessoires\/55286","targetHints":{"allow":["GET"]}}],"collection":[{"href":"https:\/\/www.mycampermarket.com\/de\/wp-json\/wp\/v2\/accessoires"}],"about":[{"href":"https:\/\/www.mycampermarket.com\/de\/wp-json\/wp\/v2\/types\/accessoires"}],"author":[{"embeddable":true,"href":"https:\/\/www.mycampermarket.com\/de\/wp-json\/wp\/v2\/users\/1891"}],"wp:featuredmedia":[{"embeddable":true,"href":"https:\/\/www.mycampermarket.com\/de\/wp-json\/wp\/v2\/media\/55287"}],"wp:attachment":[{"href":"https:\/\/www.mycampermarket.com\/de\/wp-json\/wp\/v2\/media?parent=55286"}],"wp:term":[{"taxonomy":"localisation","embeddable":true,"href":"https:\/\/www.mycampermarket.com\/de\/wp-json\/wp\/v2\/localisation?post=55286"},{"taxonomy":"marque-accessoire","embeddable":true,"href":"https:\/\/www.mycampermarket.com\/de\/wp-json\/wp\/v2\/marque-accessoire?post=55286"},{"taxonomy":"categorie-accessoires","embeddable":true,"href":"https:\/\/www.mycampermarket.com\/de\/wp-json\/wp\/v2\/categorie-accessoires?post=55286"}],"curies":[{"name":"wp","href":"https:\/\/api.w.org\/{rel}","templated":true}]}}

Vorzelt für Caravane oder Wohnmobil

Auvent Cassandra Air 390 cm neuf, jamais utilisé. À récupérer sur place. 999 €.

Bonjour,

Je vends cet auvent neuf, jamais utilisé, modèle Cassandra Air 390 cm.
Les dimensions sont sur les photos.
À venir chercher sur place.

Me contacter en privé pour plus d'informations.

Très bonne journée. 🌸
