{"id":22018,"date":"2023-09-14T11:28:32","date_gmt":"2023-09-14T09:28:32","guid":{"rendered":"https:\/\/www.mycampermarket.com\/?post_type=annonces&#038;p=22018"},"modified":"2026-03-16T08:32:16","modified_gmt":"2026-03-16T07:32:16","slug":"masgeschneiderter-campervan-citroen-22018","status":"publish","type":"annonces","link":"https:\/\/www.mycampermarket.com\/de\/annonces\/van-sur-mesure-citroen-22018\/","title":{"rendered":"Van Nach Ma\u00df Citro\u00ebn"},"content":{"rendered":"<p>Gask\u00fcche mit 2 Kochstellen Marke Dometic<br \/>\nWaschbecken Marke Dometic mit Warm- und Kaltwasser<br \/>\nDusche mit Wanne 60x60cm Warmwasser Kaltwasser<br \/>\nDieselheizung mit 10-Liter-Tank.<br \/>\nDer chauffe-eau (Marke Pundmann Term) mit 9 Litern funktioniert mit der Heizung autoterm 2d oder 230w<br \/>\nWasserpumpe mit Filter<br \/>\nElektrik AGM-Batterie 95Ah, 850A.<br \/>\n2 Solarmodule je 200w<br \/>\n1 WC chimique Marke Dometic<br \/>\n1 K\u00fchl-\/Gefrierschrank der Marke Dometic<br \/>\nWeitere Fotos auf Anfrage<\/p>","protected":false},"excerpt":{"rendered":"<p>Gask\u00fcche mit 2 Kochstellen Marke Dometic<br \/>\nWaschbecken Marke Dometic mit Warm- und Kaltwasser<br \/>\nDusche mit Wanne 60x60cm Warmwasser Kaltwasser<br \/>\nDieselheizung mit 10-Liter-Tank.<br \/>\nDer chauffe-eau (Marke<\/p>","protected":false},"author":201,"featured_media":22017,"template":"","type-de-lit":[],"post_statut":[],"constructeur":[],"marque":[54],"type-annonces":[45],"localisation":[38],"equipement-cellule":[24,25,28,27,29,30],"equipement-vehicule":[17,19,20,47,46,48,49,51,50,22,21],"type-de-vehicule":[8],"class_list":["post-22018","annonces","type-annonces","status-publish","has-post-thumbnail","hentry","marque-citroen","type-annonces-particulier","localisation-fribourg-fr","equipement-cellule-chauffage-au-diesel","equipement-cellule-cuisiniere-a-gaz","equipement-cellule-douche","equipement-cellule-frigo","equipement-cellule-installation-solaire","equipement-cellule-wc-chimique","equipement-vehicule-aide-au-parcage","equipement-vehicule-airbag-cote-conducteur","equipement-vehicule-airbag-cote-passager","equipement-vehicule-camera-de-recul","equipement-vehicule-climatisation","equipement-vehicule-direction-assistee","equipement-vehicule-leve-vitre-electrique","equipement-vehicule-phares-antibrouillard","equipement-vehicule-regulateur-de-vitesse","equipement-vehicule-systeme-dalarme","equipement-vehicule-verrouillage-central","type-de-vehicule-van"],"_links":{"self":[{"href":"https:\/\/www.mycampermarket.com\/de\/wp-json\/wp\/v2\/annonces\/22018","targetHints":{"allow":["GET"]}}],"collection":[{"href":"https:\/\/www.mycampermarket.com\/de\/wp-json\/wp\/v2\/annonces"}],"about":[{"href":"https:\/\/www.mycampermarket.com\/de\/wp-json\/wp\/v2\/types\/annonces"}],"author":[{"embeddable":true,"href":"https:\/\/www.mycampermarket.com\/de\/wp-json\/wp\/v2\/users\/201"}],"wp:featuredmedia":[{"embeddable":true,"href":"https:\/\/www.mycampermarket.com\/de\/wp-json\/wp\/v2\/media\/22017"}],"wp:attachment":[{"href":"https:\/\/www.mycampermarket.com\/de\/wp-json\/wp\/v2\/media?parent=22018"}],"wp:term":[{"taxonomy":"type-de-lit","embeddable":true,"href":"https:\/\/www.mycampermarket.com\/de\/wp-json\/wp\/v2\/type-de-lit?post=22018"},{"taxonomy":"post_statut","embeddable":true,"href":"https:\/\/www.mycampermarket.com\/de\/wp-json\/wp\/v2\/post_statut?post=22018"},{"taxonomy":"constructeur","embeddable":true,"href":"https:\/\/www.mycampermarket.com\/de\/wp-json\/wp\/v2\/constructeur?post=22018"},{"taxonomy":"marque","embeddable":true,"href":"https:\/\/www.mycampermarket.com\/de\/wp-json\/wp\/v2\/marque?post=22018"},{"taxonomy":"type-annonces","embeddable":true,"href":"https:\/\/www.mycampermarket.com\/de\/wp-json\/wp\/v2\/type-annonces?post=22018"},{"taxonomy":"localisation","embeddable":true,"href":"https:\/\/www.mycampermarket.com\/de\/wp-json\/wp\/v2\/localisation?post=22018"},{"taxonomy":"equipement-cellule","embeddable":true,"href":"https:\/\/www.mycampermarket.com\/de\/wp-json\/wp\/v2\/equipement-cellule?post=22018"},{"taxonomy":"equipement-vehicule","embeddable":true,"href":"https:\/\/www.mycampermarket.com\/de\/wp-json\/wp\/v2\/equipement-vehicule?post=22018"},{"taxonomy":"type-de-vehicule","embeddable":true,"href":"https:\/\/www.mycampermarket.com\/de\/wp-json\/wp\/v2\/type-de-vehicule?post=22018"}],"curies":[{"name":"wp","href":"https:\/\/api.w.org\/{rel}","templated":true}]}}

Van Nach Maß Citroën

<p>Gasküche mit 2 Kochstellen Marke Dometic<br />
Waschbecken Marke Dometic mit Warm- und Kaltwasser<br />
Dusche mit Wanne 60x60cm Warmwasser Kaltwasser<br />
Dieselheizung mit 10-Liter-Tank.<br />
Der chauffe-eau (Marke Pundmann Term) mit 9 Litern funktioniert mit der Heizung autoterm 2d oder 230w<br />
Wasserpumpe mit Filter<br />
Elektrik AGM-Batterie 95Ah, 850A.<br />
2 Solarmodule je 200w<br />
1 WC chimique Marke Dometic<br />
1 Kühl-/Gefrierschrank der Marke Dometic<br />
Weitere Fotos auf Anfrage</p>

<p>Gasküche mit 2 Kochstellen Marke Dometic<br />
Waschbecken Marke Dometic mit Warm- und Kaltwasser<br />
Dusche mit Wanne 60x60cm Warmwasser Kaltwasser<br />
Dieselheizung mit 10-Liter-Tank.<br />
Der chauffe-eau (Marke</p>
