{"id":31979,"date":"2024-04-09T16:19:15","date_gmt":"2024-04-09T14:19:15","guid":{"rendered":"https:\/\/www.mycampermarket.com\/?post_type=annonces&#038;p=31979"},"modified":"2024-04-09T16:19:15","modified_gmt":"2024-04-09T14:19:15","slug":"campervan-ford-transit-custom-ford-31979","status":"publish","type":"annonces","link":"https:\/\/www.mycampermarket.com\/de\/annonces\/van-amenage-ford-transit-custom-ford-31979\/","title":{"rendered":"Campervan ford transit custom Ford"},"content":{"rendered":"<p>. aufklappbares Dach NB Schlafpl\u00e4tze: 2 hoch, 2 niedrig Kategorie Autobahn 1 Kochfeld + Deckel 2 Feuer K\u00fchlschrank Kompressionskasten 40L Tisch 95\u00d750 cm abnehmbar M\u00f6bel unter Sp\u00fcle Platz btlle GAZ 2 kg Sp\u00fcle Edelstahl sauberes Wasser au\u00dfen 40L Abwasser 30L Sitzbank 3 Pl\u00e4tze Schiebegurt umwandelbar Bett 114\u00d7186 aufklappbares Dach Bett 200\u00d7140 Drehbasen auf Vordersitz Kofferraum unter der Sitzbank.<\/p>","protected":false},"excerpt":{"rendered":"<p>Aufstelldach NB Schlafpl\u00e4tze: 2 oben, 2 unten Kategorie Autobahn 1 Kochfeld + Deckel 2 Flammen K\u00fchlschrank Kompressionskasten 40L Tisch 95\u00d750 cm abnehmbar Sp\u00fclenunterschrank Stellplatz<\/p>","protected":false},"author":448,"featured_media":31970,"template":"","type-de-lit":[],"post_statut":[],"constructeur":[],"marque":[58],"type-annonces":[45],"localisation":[192,37],"equipement-cellule":[24,25,28,27,29,30],"equipement-vehicule":[19,18,46,48,49,21],"type-de-vehicule":[8],"class_list":["post-31979","annonces","type-annonces","status-publish","has-post-thumbnail","hentry","marque-ford","type-annonces-particulier","localisation-34-herault","localisation-france","equipement-cellule-chauffage-au-diesel","equipement-cellule-cuisiniere-a-gaz","equipement-cellule-douche","equipement-cellule-frigo","equipement-cellule-installation-solaire","equipement-cellule-wc-chimique","equipement-vehicule-airbag-cote-conducteur","equipement-vehicule-attelage","equipement-vehicule-climatisation","equipement-vehicule-direction-assistee","equipement-vehicule-leve-vitre-electrique","equipement-vehicule-verrouillage-central","type-de-vehicule-van"],"_links":{"self":[{"href":"https:\/\/www.mycampermarket.com\/de\/wp-json\/wp\/v2\/annonces\/31979","targetHints":{"allow":["GET"]}}],"collection":[{"href":"https:\/\/www.mycampermarket.com\/de\/wp-json\/wp\/v2\/annonces"}],"about":[{"href":"https:\/\/www.mycampermarket.com\/de\/wp-json\/wp\/v2\/types\/annonces"}],"author":[{"embeddable":true,"href":"https:\/\/www.mycampermarket.com\/de\/wp-json\/wp\/v2\/users\/448"}],"wp:featuredmedia":[{"embeddable":true,"href":"https:\/\/www.mycampermarket.com\/de\/wp-json\/wp\/v2\/media\/31970"}],"wp:attachment":[{"href":"https:\/\/www.mycampermarket.com\/de\/wp-json\/wp\/v2\/media?parent=31979"}],"wp:term":[{"taxonomy":"type-de-lit","embeddable":true,"href":"https:\/\/www.mycampermarket.com\/de\/wp-json\/wp\/v2\/type-de-lit?post=31979"},{"taxonomy":"post_statut","embeddable":true,"href":"https:\/\/www.mycampermarket.com\/de\/wp-json\/wp\/v2\/post_statut?post=31979"},{"taxonomy":"constructeur","embeddable":true,"href":"https:\/\/www.mycampermarket.com\/de\/wp-json\/wp\/v2\/constructeur?post=31979"},{"taxonomy":"marque","embeddable":true,"href":"https:\/\/www.mycampermarket.com\/de\/wp-json\/wp\/v2\/marque?post=31979"},{"taxonomy":"type-annonces","embeddable":true,"href":"https:\/\/www.mycampermarket.com\/de\/wp-json\/wp\/v2\/type-annonces?post=31979"},{"taxonomy":"localisation","embeddable":true,"href":"https:\/\/www.mycampermarket.com\/de\/wp-json\/wp\/v2\/localisation?post=31979"},{"taxonomy":"equipement-cellule","embeddable":true,"href":"https:\/\/www.mycampermarket.com\/de\/wp-json\/wp\/v2\/equipement-cellule?post=31979"},{"taxonomy":"equipement-vehicule","embeddable":true,"href":"https:\/\/www.mycampermarket.com\/de\/wp-json\/wp\/v2\/equipement-vehicule?post=31979"},{"taxonomy":"type-de-vehicule","embeddable":true,"href":"https:\/\/www.mycampermarket.com\/de\/wp-json\/wp\/v2\/type-de-vehicule?post=31979"}],"curies":[{"name":"wp","href":"https:\/\/api.w.org\/{rel}","templated":true}]}}

<p>. aufklappbares Dach NB Schlafplätze: 2 hoch, 2 niedrig Kategorie Autobahn 1 Kochfeld + Deckel 2 Feuer Kühlschrank Kompressionskasten 40L Tisch 95×50 cm abnehmbar Möbel unter Spüle Platz btlle GAZ 2 kg Spüle Edelstahl sauberes Wasser außen 40L Abwasser 30L Sitzbank 3 Plätze Schiebegurt umwandelbar Bett 114×186 aufklappbares Dach Bett 200×140 Drehbasen auf Vordersitz Kofferraum unter der Sitzbank.</p>

<p>Aufstelldach NB Schlafplätze: 2 oben, 2 unten Kategorie Autobahn 1 Kochfeld + Deckel 2 Flammen Kühlschrank Kompressionskasten 40L Tisch 95×50 cm abnehmbar Spülenunterschrank Stellplatz</p>
