{"id":32267,"date":"2024-04-27T11:01:34","date_gmt":"2024-04-27T09:01:34","guid":{"rendered":"https:\/\/www.mycampermarket.com\/?post_type=annonces&#038;p=32267"},"modified":"2024-04-27T11:01:34","modified_gmt":"2024-04-27T09:01:34","slug":"campervan-antilope-campervan-flex-3-renault-32267","status":"publish","type":"annonces","link":"https:\/\/www.mycampermarket.com\/de\/annonces\/van-amenage-antilope-van-flex-3-renault-32267\/","title":{"rendered":"Campervan ANTILOPE VAN FLEX 3 Renault"},"content":{"rendered":"<p>Campervan v\u00f6llig energieautark f\u00fcr mehrere Tage, dank seines Solarmodul und seiner zweiten Batterie, mit optimaler W\u00e4rme- und Schalld\u00e4mmung, konzipiert f\u00fcr ein Erwachsenenpaar und ein Kind bis zu 10 Jahren. Verkauft wie auf den Fotos<\/p>","protected":false},"excerpt":{"rendered":"<p>Campervan v\u00f6llig energieautark f\u00fcr mehrere Tage, dank seines Solarmodul und seiner zweiten Batterie, mit optimaler thermischer und akustischer Isolierung, entworfen f\u00fcr die Aufnahme<\/p>","protected":false},"author":451,"featured_media":32264,"template":"","type-de-lit":[],"post_statut":[],"constructeur":[],"marque":[76],"type-annonces":[45],"localisation":[227,37],"equipement-cellule":[27,29,30],"equipement-vehicule":[15,17,19,20,47,46,48,49,51,50,21],"type-de-vehicule":[8],"class_list":["post-32267","annonces","type-annonces","status-publish","has-post-thumbnail","hentry","marque-renault","type-annonces-particulier","localisation-91-essonne","localisation-france","equipement-cellule-frigo","equipement-cellule-installation-solaire","equipement-cellule-wc-chimique","equipement-vehicule-abs","equipement-vehicule-aide-au-parcage","equipement-vehicule-airbag-cote-conducteur","equipement-vehicule-airbag-cote-passager","equipement-vehicule-camera-de-recul","equipement-vehicule-climatisation","equipement-vehicule-direction-assistee","equipement-vehicule-leve-vitre-electrique","equipement-vehicule-phares-antibrouillard","equipement-vehicule-regulateur-de-vitesse","equipement-vehicule-verrouillage-central","type-de-vehicule-van"],"_links":{"self":[{"href":"https:\/\/www.mycampermarket.com\/de\/wp-json\/wp\/v2\/annonces\/32267","targetHints":{"allow":["GET"]}}],"collection":[{"href":"https:\/\/www.mycampermarket.com\/de\/wp-json\/wp\/v2\/annonces"}],"about":[{"href":"https:\/\/www.mycampermarket.com\/de\/wp-json\/wp\/v2\/types\/annonces"}],"author":[{"embeddable":true,"href":"https:\/\/www.mycampermarket.com\/de\/wp-json\/wp\/v2\/users\/451"}],"wp:featuredmedia":[{"embeddable":true,"href":"https:\/\/www.mycampermarket.com\/de\/wp-json\/wp\/v2\/media\/32264"}],"wp:attachment":[{"href":"https:\/\/www.mycampermarket.com\/de\/wp-json\/wp\/v2\/media?parent=32267"}],"wp:term":[{"taxonomy":"type-de-lit","embeddable":true,"href":"https:\/\/www.mycampermarket.com\/de\/wp-json\/wp\/v2\/type-de-lit?post=32267"},{"taxonomy":"post_statut","embeddable":true,"href":"https:\/\/www.mycampermarket.com\/de\/wp-json\/wp\/v2\/post_statut?post=32267"},{"taxonomy":"constructeur","embeddable":true,"href":"https:\/\/www.mycampermarket.com\/de\/wp-json\/wp\/v2\/constructeur?post=32267"},{"taxonomy":"marque","embeddable":true,"href":"https:\/\/www.mycampermarket.com\/de\/wp-json\/wp\/v2\/marque?post=32267"},{"taxonomy":"type-annonces","embeddable":true,"href":"https:\/\/www.mycampermarket.com\/de\/wp-json\/wp\/v2\/type-annonces?post=32267"},{"taxonomy":"localisation","embeddable":true,"href":"https:\/\/www.mycampermarket.com\/de\/wp-json\/wp\/v2\/localisation?post=32267"},{"taxonomy":"equipement-cellule","embeddable":true,"href":"https:\/\/www.mycampermarket.com\/de\/wp-json\/wp\/v2\/equipement-cellule?post=32267"},{"taxonomy":"equipement-vehicule","embeddable":true,"href":"https:\/\/www.mycampermarket.com\/de\/wp-json\/wp\/v2\/equipement-vehicule?post=32267"},{"taxonomy":"type-de-vehicule","embeddable":true,"href":"https:\/\/www.mycampermarket.com\/de\/wp-json\/wp\/v2\/type-de-vehicule?post=32267"}],"curies":[{"name":"wp","href":"https:\/\/api.w.org\/{rel}","templated":true}]}}

<p>Campervan völlig energieautark für mehrere Tage, dank seines Solarmodul und seiner zweiten Batterie, mit optimaler Wärme- und Schalldämmung, konzipiert für ein Erwachsenenpaar und ein Kind bis zu 10 Jahren. Verkauft wie auf den Fotos</p>

<p>Campervan völlig energieautark für mehrere Tage, dank seines Solarmodul und seiner zweiten Batterie, mit optimaler thermischer und akustischer Isolierung, entworfen für die Aufnahme</p>
