{"id":34014,"date":"2024-09-04T18:22:59","date_gmt":"2024-09-04T16:22:59","guid":{"rendered":"https:\/\/www.mycampermarket.com\/?post_type=annonces&#038;p=34014"},"modified":"2025-07-04T09:51:09","modified_gmt":"2025-07-04T07:51:09","slug":"teilintegriertes-wohnmobil-laika-ford-ford-34014","status":"publish","type":"annonces","link":"https:\/\/www.mycampermarket.com\/de\/annonces\/camping-car-profile-laika-ford-ford-34014\/","title":{"rendered":"Teilintegriertes Wohnmobil Laika Ford Ford"},"content":{"rendered":"<p>Hallo aventurische Freunde \ud83d\ude42 .<\/p>\n<p>Mit einem kleinen Stich im Herzen suchen wir nach einem neuen Besitzer f\u00fcr unseren Wohnmobil... tats\u00e4chlich k\u00f6nnen wir uns nicht die Zeit nehmen, ihn wirklich zu genie\u00dfen und es ist schade, ihn auf einem Parkplatz herumliegen zu sehen, obwohl er viele Menschen gl\u00fccklich machen k\u00f6nnte \ud83d\ude42.<\/p>\n<p>Wir haben es vor einem Jahr gekauft und heute begutachtet.<br \/>\nWir haben die Hinterradbremsen neu gemacht und die Vorderradbremsen m\u00fcssten netterweise auch ausgetauscht werden, sonst ist alles nickelfrei \ud83d\ude42.<\/p>","protected":false},"excerpt":{"rendered":"<p>Bonjour amis aventuriers \ud83d\ude42 C&rsquo;est avec un petit pincement au coeur que nous cherchons un nouveau propri\u00e9taire pour notre camping car&#8230; en effete, nous n&rsquo;arrivons pas a prendre le temps d&rsquo;en profiter vraiment et c&rsquo;est dommage de le voir tra\u00eener sur un parking alors que \u00e7a pourrait faire des heureux \ud83d\ude42 Nous l&rsquo;avons acheter il [&hellip;]<\/p>\n","protected":false},"author":697,"featured_media":34020,"template":"","type-de-lit":[],"post_statut":[],"constructeur":[294],"marque":[58],"type-annonces":[45],"localisation":[163],"equipement-cellule":[25,28,30],"equipement-vehicule":[15,46,51,22,21],"type-de-vehicule":[5],"class_list":["post-34014","annonces","type-annonces","status-publish","has-post-thumbnail","hentry","constructeur-laika","marque-ford","type-annonces-particulier","localisation-06-alpes-maritimes","equipement-cellule-cuisiniere-a-gaz","equipement-cellule-douche","equipement-cellule-wc-chimique","equipement-vehicule-abs","equipement-vehicule-climatisation","equipement-vehicule-phares-antibrouillard","equipement-vehicule-systeme-dalarme","equipement-vehicule-verrouillage-central","type-de-vehicule-camping-car-profile"],"_links":{"self":[{"href":"https:\/\/www.mycampermarket.com\/de\/wp-json\/wp\/v2\/annonces\/34014","targetHints":{"allow":["GET"]}}],"collection":[{"href":"https:\/\/www.mycampermarket.com\/de\/wp-json\/wp\/v2\/annonces"}],"about":[{"href":"https:\/\/www.mycampermarket.com\/de\/wp-json\/wp\/v2\/types\/annonces"}],"author":[{"embeddable":true,"href":"https:\/\/www.mycampermarket.com\/de\/wp-json\/wp\/v2\/users\/697"}],"wp:featuredmedia":[{"embeddable":true,"href":"https:\/\/www.mycampermarket.com\/de\/wp-json\/wp\/v2\/media\/34020"}],"wp:attachment":[{"href":"https:\/\/www.mycampermarket.com\/de\/wp-json\/wp\/v2\/media?parent=34014"}],"wp:term":[{"taxonomy":"type-de-lit","embeddable":true,"href":"https:\/\/www.mycampermarket.com\/de\/wp-json\/wp\/v2\/type-de-lit?post=34014"},{"taxonomy":"post_statut","embeddable":true,"href":"https:\/\/www.mycampermarket.com\/de\/wp-json\/wp\/v2\/post_statut?post=34014"},{"taxonomy":"constructeur","embeddable":true,"href":"https:\/\/www.mycampermarket.com\/de\/wp-json\/wp\/v2\/constructeur?post=34014"},{"taxonomy":"marque","embeddable":true,"href":"https:\/\/www.mycampermarket.com\/de\/wp-json\/wp\/v2\/marque?post=34014"},{"taxonomy":"type-annonces","embeddable":true,"href":"https:\/\/www.mycampermarket.com\/de\/wp-json\/wp\/v2\/type-annonces?post=34014"},{"taxonomy":"localisation","embeddable":true,"href":"https:\/\/www.mycampermarket.com\/de\/wp-json\/wp\/v2\/localisation?post=34014"},{"taxonomy":"equipement-cellule","embeddable":true,"href":"https:\/\/www.mycampermarket.com\/de\/wp-json\/wp\/v2\/equipement-cellule?post=34014"},{"taxonomy":"equipement-vehicule","embeddable":true,"href":"https:\/\/www.mycampermarket.com\/de\/wp-json\/wp\/v2\/equipement-vehicule?post=34014"},{"taxonomy":"type-de-vehicule","embeddable":true,"href":"https:\/\/www.mycampermarket.com\/de\/wp-json\/wp\/v2\/type-de-vehicule?post=34014"}],"curies":[{"name":"wp","href":"https:\/\/api.w.org\/{rel}","templated":true}]}}

<p>Hallo aventurische Freunde 🙂 .</p>
<p>Mit einem kleinen Stich im Herzen suchen wir nach einem neuen Besitzer für unseren Wohnmobil... tatsächlich können wir uns nicht die Zeit nehmen, ihn wirklich zu genießen und es ist schade, ihn auf einem Parkplatz herumliegen zu sehen, obwohl er viele Menschen glücklich machen könnte 🙂.</p>
<p>Wir haben es vor einem Jahr gekauft und heute begutachtet.<br />
Wir haben die Hinterradbremsen neu gemacht und die Vorderradbremsen müssten netterweise auch ausgetauscht werden, sonst ist alles nickelfrei 🙂.</p>

<p>Bonjour amis aventuriers 🙂 C&rsquo;est avec un petit pincement au coeur que nous cherchons un nouveau propriétaire pour notre camping car&#8230; en effete, nous n&rsquo;arrivons pas a prendre le temps d&rsquo;en profiter vraiment et c&rsquo;est dommage de le voir traîner sur un parking alors que ça pourrait faire des heureux 🙂 Nous l&rsquo;avons acheter il [&hellip;]</p>
