{"id":34205,"date":"2024-09-22T11:45:34","date_gmt":"2024-09-22T09:45:34","guid":{"rendered":"https:\/\/www.mycampermarket.com\/?post_type=annonces&#038;p=34205"},"modified":"2024-09-22T11:45:34","modified_gmt":"2024-09-22T09:45:34","slug":"vollintegriertes-wohnmobil-pilote-referenz-g-735-j-renault-34205","status":"publish","type":"annonces","link":"https:\/\/www.mycampermarket.com\/de\/annonces\/camping-car-integral-pilote-reference-g-735-j-renault-34205\/","title":{"rendered":"Vollintegriertes Wohnmobil Pilot Referenz G 735 J Renault"},"content":{"rendered":"<p>Vollintegriertes Wohnmobil PILOT G 735 J<br \/>\nDinette face face<br \/>\nEinzelbetten<br \/>\nPavillonbett<br \/>\nHinteres Badezimmer<br \/>\nWC und separate Dusche<br \/>\nautomatische Satellitensch\u00fcssel<br \/>\nRundstrahlantenne<br \/>\nLCD-Fernseher 19<br \/>\nR\u00fcckfahrkamera<br \/>\nautoadio<br \/>\nKlimaanlage Tr\u00e4ger<br \/>\nTRUMA 4-Heizung<br \/>\nBackofen<br \/>\nHohe Saugkraft<br \/>\nverglaste Zellent\u00fcr<br \/>\nFliegengitter f\u00fcr T\u00fcren<br \/>\nGro\u00dfer Trimix-K\u00fchlschrank mit Sog-System<br \/>\nstore au\u00dfen<br \/>\n\u00e4u\u00dfere Isotermeklappe<br \/>\nMarkisen Plissee Kabine<br \/>\nLattenroste<br \/>\nh\u00f6henverstellbare Sitze<br \/>\nSolarpanel<br \/>\nBatterie Zelle<br \/>\nFahrradst\u00e4nder <\/p>","protected":false},"excerpt":{"rendered":"<p>Camping car int\u00e9gral PILOTE G 735 J Dinette face face Lits jumeaux Lit pavillon Salle de bain arri\u00e8re WC et douche s\u00e9par\u00e9e parabole automatique antenne omnidirectionnelle t\u00e9l\u00e9viseur LCD 19 cam\u00e9ra de recul autoadio climatisation porteur chauffage TRUMA 4 Four Haute aspirante porte celulle vitr\u00e9e moustiquaire de porte Grand frigo trimixte avec syst\u00e8me sog store ext\u00e9rieur [&hellip;]<\/p>\n","protected":false},"author":736,"featured_media":34211,"template":"","type-de-lit":[],"post_statut":[],"constructeur":[298],"marque":[76],"type-annonces":[45],"localisation":[138],"equipement-cellule":[],"equipement-vehicule":[],"type-de-vehicule":[65],"class_list":["post-34205","annonces","type-annonces","status-publish","has-post-thumbnail","hentry","constructeur-pilote","marque-renault","type-annonces-particulier","localisation-62-pas-de-calais","type-de-vehicule-camping-car-integral"],"_links":{"self":[{"href":"https:\/\/www.mycampermarket.com\/de\/wp-json\/wp\/v2\/annonces\/34205","targetHints":{"allow":["GET"]}}],"collection":[{"href":"https:\/\/www.mycampermarket.com\/de\/wp-json\/wp\/v2\/annonces"}],"about":[{"href":"https:\/\/www.mycampermarket.com\/de\/wp-json\/wp\/v2\/types\/annonces"}],"author":[{"embeddable":true,"href":"https:\/\/www.mycampermarket.com\/de\/wp-json\/wp\/v2\/users\/736"}],"wp:featuredmedia":[{"embeddable":true,"href":"https:\/\/www.mycampermarket.com\/de\/wp-json\/wp\/v2\/media\/34211"}],"wp:attachment":[{"href":"https:\/\/www.mycampermarket.com\/de\/wp-json\/wp\/v2\/media?parent=34205"}],"wp:term":[{"taxonomy":"type-de-lit","embeddable":true,"href":"https:\/\/www.mycampermarket.com\/de\/wp-json\/wp\/v2\/type-de-lit?post=34205"},{"taxonomy":"post_statut","embeddable":true,"href":"https:\/\/www.mycampermarket.com\/de\/wp-json\/wp\/v2\/post_statut?post=34205"},{"taxonomy":"constructeur","embeddable":true,"href":"https:\/\/www.mycampermarket.com\/de\/wp-json\/wp\/v2\/constructeur?post=34205"},{"taxonomy":"marque","embeddable":true,"href":"https:\/\/www.mycampermarket.com\/de\/wp-json\/wp\/v2\/marque?post=34205"},{"taxonomy":"type-annonces","embeddable":true,"href":"https:\/\/www.mycampermarket.com\/de\/wp-json\/wp\/v2\/type-annonces?post=34205"},{"taxonomy":"localisation","embeddable":true,"href":"https:\/\/www.mycampermarket.com\/de\/wp-json\/wp\/v2\/localisation?post=34205"},{"taxonomy":"equipement-cellule","embeddable":true,"href":"https:\/\/www.mycampermarket.com\/de\/wp-json\/wp\/v2\/equipement-cellule?post=34205"},{"taxonomy":"equipement-vehicule","embeddable":true,"href":"https:\/\/www.mycampermarket.com\/de\/wp-json\/wp\/v2\/equipement-vehicule?post=34205"},{"taxonomy":"type-de-vehicule","embeddable":true,"href":"https:\/\/www.mycampermarket.com\/de\/wp-json\/wp\/v2\/type-de-vehicule?post=34205"}],"curies":[{"name":"wp","href":"https:\/\/api.w.org\/{rel}","templated":true}]}}

<p>Vollintegriertes Wohnmobil PILOT G 735 J<br />
Dinette face face<br />
Einzelbetten<br />
Pavillonbett<br />
Hinteres Badezimmer<br />
WC und separate Dusche<br />
automatische Satellitenschüssel<br />
Rundstrahlantenne<br />
LCD-Fernseher 19<br />
Rückfahrkamera<br />
autoadio<br />
Klimaanlage Träger<br />
TRUMA 4-Heizung<br />
Backofen<br />
Hohe Saugkraft<br />
verglaste Zellentür<br />
Fliegengitter für Türen<br />
Großer Trimix-Kühlschrank mit Sog-System<br />
store außen<br />
äußere Isotermeklappe<br />
Markisen Plissee Kabine<br />
Lattenroste<br />
höhenverstellbare Sitze<br />
Solarpanel<br />
Batterie Zelle<br />
Fahrradständer </p>

<p>Camping car intégral PILOTE G 735 J Dinette face face Lits jumeaux Lit pavillon Salle de bain arrière WC et douche séparée parabole automatique antenne omnidirectionnelle téléviseur LCD 19 caméra de recul autoadio climatisation porteur chauffage TRUMA 4 Four Haute aspirante porte celulle vitrée moustiquaire de porte Grand frigo trimixte avec système sog store extérieur [&hellip;]</p>
