{"id":94395,"date":"2026-09-04T22:28:16","date_gmt":"2026-09-04T20:28:16","guid":{"rendered":"https:\/\/www.mycampermarket.com\/?post_type=annonces&#038;p=94395"},"modified":"2026-09-04T22:28:16","modified_gmt":"2026-09-04T20:28:16","slug":"van-amenage-westfalia-scudo-fiat-94395","status":"publish","type":"annonces","link":"https:\/\/www.mycampermarket.com\/de\/annonces\/van-amenage-westfalia-scudo-fiat-94395\/","title":{"rendered":"Campervan Westfalia Scudo Fiat"},"content":{"rendered":"","protected":false},"excerpt":{"rendered":"","protected":false},"author":2330,"featured_media":94396,"template":"","meta":{"_seopress_titles_title":"Van am\u00e9nag\u00e9 Westfalia Scudo Fiat 2009 \u2013 23 000 \u20ac","_seopress_titles_desc":"Van am\u00e9nag\u00e9 Westfalia Scudo Fiat 2009, 136 ch, diesel, 220 000 km. Bo\u00eete manuelle. 23 000 \u20ac.","_seopress_robots_index":"","_seopress_robots_follow":"","_seopress_robots_imageindex":"","_seopress_robots_snippet":"","_seopress_robots_primary_cat":"","_seopress_robots_breadcrumbs":"","_seopress_robots_freeze_modified_date":"","_seopress_robots_custom_modified_date":"","_seopress_robots_canonical":"","_seopress_social_fb_title":"","_seopress_social_fb_desc":"","_seopress_social_fb_img":"","_seopress_social_fb_img_attachment_id":0,"_seopress_social_fb_img_width":0,"_seopress_social_fb_img_height":0,"_seopress_social_twitter_title":"","_seopress_social_twitter_desc":"","_seopress_social_twitter_img":"","_seopress_social_twitter_img_attachment_id":0,"_seopress_social_twitter_img_width":0,"_seopress_social_twitter_img_height":0,"_seopress_redirections_value":"","_seopress_redirections_enabled":"","_seopress_redirections_enabled_regex":"","_seopress_redirections_logged_status":"","_seopress_redirections_param":"","_seopress_redirections_type":0,"_seopress_analysis_target_kw":"","_seopress_news_disabled":"","_seopress_video_disabled":"","_seopress_video":[],"_seopress_pro_schemas_manual":[],"_seopress_pro_rich_snippets_disable_all":"","_seopress_pro_rich_snippets_disable":[],"_seopress_pro_schemas":[],"dmedia_modele":"Scudo","dmedia_modele_marque":"","dmedia_genre":"Occasion","dmedia_prix":"23000","dmedia_dev":"EUR","dmedia_kilometrage":220000,"dmedia_cylindree":2000,"type_de_carburant":"Diesel","dmedia_boite-de-vitesses":"Manuelle","dmedia_motricite":"Traction avant","dmedia_puissance":"136","dmedia_imatriculation":"1256688000","dmedia_annee":2009,"dmedia_expertise":"","dmedia_longueur":514,"dmedia_largeur":200,"dmedia_hauteur":199,"dmedia_poid_vide":2400,"dmedia_poid_total":2800,"dmedia_n_place":0,"dmedia_n_couch":0,"dmedia_npa_ville":"23000 Gu\u00e9ret","dmedia_premium":7,"dmedia_site_ext":"","dmedia_video":"","dmedia_infos":"","dmedia_interlocuteur":"","dmedia_tel_contact":"","dmedia_internet":"","dmedia_dte_top":"1788553696","dmedia_dte_top_start":"","dmedia_dte_top_end":"","dmedia_dte_delete":"","dmedia_info_delete":"","dmedia_meta_des":"","dmedia_dte_pay":"","dmedia_dte_rap":"","dmedia_etape":8,"dmedia_lgs":"fr","dmedia_annonce_info_lgs":"","dmedia_annonce_info_fr":"","dmedia_annonce_info_ia":"","dmedia_galimage_public":"94396,94397,94399,94398,94400","dmedia_galimage":"94396,94397,94399,94398,94400","dmedia_opt_visibilite":0,"dmedia_opt_expo":0,"dmedia_opt_speed":0,"dmedia_opt_social":0},"type-de-vehicule":[8],"localisation":[181,37],"constructeur":[1103],"marque":[53],"equipement-cellule":[24,25,27],"equipement-vehicule":[15,19,20,18,46,48,49,51,50,22,21],"type-de-lit":[],"type-annonces":[],"class_list":["post-94395","annonces","type-annonces","status-publish","has-post-thumbnail","hentry","type-de-vehicule-van","localisation-23-creuse","localisation-france","constructeur-westfalia","marque-fiat","equipement-cellule-chauffage-au-diesel","equipement-cellule-cuisiniere-a-gaz","equipement-cellule-frigo","equipement-vehicule-abs","equipement-vehicule-airbag-cote-conducteur","equipement-vehicule-airbag-cote-passager","equipement-vehicule-attelage","equipement-vehicule-climatisation","equipement-vehicule-direction-assistee","equipement-vehicule-leve-vitre-electrique","equipement-vehicule-phares-antibrouillard","equipement-vehicule-regulateur-de-vitesse","equipement-vehicule-systeme-dalarme","equipement-vehicule-verrouillage-central"],"_links":{"self":[{"href":"https:\/\/www.mycampermarket.com\/de\/wp-json\/wp\/v2\/annonces\/94395","targetHints":{"allow":["GET"]}}],"collection":[{"href":"https:\/\/www.mycampermarket.com\/de\/wp-json\/wp\/v2\/annonces"}],"about":[{"href":"https:\/\/www.mycampermarket.com\/de\/wp-json\/wp\/v2\/types\/annonces"}],"author":[{"embeddable":true,"href":"https:\/\/www.mycampermarket.com\/de\/wp-json\/wp\/v2\/users\/2330"}],"wp:featuredmedia":[{"embeddable":true,"href":"https:\/\/www.mycampermarket.com\/de\/wp-json\/wp\/v2\/media\/94396"}],"wp:attachment":[{"href":"https:\/\/www.mycampermarket.com\/de\/wp-json\/wp\/v2\/media?parent=94395"}],"wp:term":[{"taxonomy":"type-de-vehicule","embeddable":true,"href":"https:\/\/www.mycampermarket.com\/de\/wp-json\/wp\/v2\/type-de-vehicule?post=94395"},{"taxonomy":"localisation","embeddable":true,"href":"https:\/\/www.mycampermarket.com\/de\/wp-json\/wp\/v2\/localisation?post=94395"},{"taxonomy":"constructeur","embeddable":true,"href":"https:\/\/www.mycampermarket.com\/de\/wp-json\/wp\/v2\/constructeur?post=94395"},{"taxonomy":"marque","embeddable":true,"href":"https:\/\/www.mycampermarket.com\/de\/wp-json\/wp\/v2\/marque?post=94395"},{"taxonomy":"equipement-cellule","embeddable":true,"href":"https:\/\/www.mycampermarket.com\/de\/wp-json\/wp\/v2\/equipement-cellule?post=94395"},{"taxonomy":"equipement-vehicule","embeddable":true,"href":"https:\/\/www.mycampermarket.com\/de\/wp-json\/wp\/v2\/equipement-vehicule?post=94395"},{"taxonomy":"type-de-lit","embeddable":true,"href":"https:\/\/www.mycampermarket.com\/de\/wp-json\/wp\/v2\/type-de-lit?post=94395"},{"taxonomy":"type-annonces","embeddable":true,"href":"https:\/\/www.mycampermarket.com\/de\/wp-json\/wp\/v2\/type-annonces?post=94395"}],"curies":[{"name":"wp","href":"https:\/\/api.w.org\/{rel}","templated":true}]}}

Van aménagé Westfalia Scudo Fiat 2009 – 23 000 €

Van aménagé Westfalia Scudo Fiat 2009, 136 ch, diesel, 220 000 km. Boîte manuelle. 23 000 €.

23000 Guéret
