{"id":40031,"date":"2025-09-22T15:06:56","date_gmt":"2025-09-22T13:06:56","guid":{"rendered":"https:\/\/www.mycampermarket.com\/?post_type=accessoires&#038;p=40031"},"modified":"2025-09-22T15:06:56","modified_gmt":"2025-09-22T13:06:56","slug":"porte-velos-e-rimorchio-volkswagen-per-4-biciclette-40031","status":"publish","type":"accessoires","link":"https:\/\/www.mycampermarket.com\/it\/accessoires\/porte-velos-et-remorque-volkswagen-porte-4-velos-40031\/","title":{"rendered":"Portabiciclette e rimorchio Volkswagen per 4 biciclette"},"content":{"rendered":"<p>Portabiciclette originale Volkswagen per portellone posteriore<br \/>\nCome nuovo<br \/>\n- Trasporto salvaspazio di fino a 4 biciclette sul retro del veicolo<br \/>\n- Carico massimo 60 kg<br \/>\n- Completamente preassemblato<br \/>\n- Il portellone posteriore pu\u00f2 essere aperto senza problemi, anche con il portapacchi montato (senza biciclette)<br \/>\n- Non adatto a veicoli con portellone posteriore elettrico<br \/>\n- Piedini scorrevoli su guide in alluminio per il posizionamento delle biciclette senza contatto<br \/>\n- I supporti del telaio rimovibili e bloccabili assicurano un carico facile e sicuro<br \/>\n- Facile aggancio dei pneumatici da bicicletta grazie al pratico sistema di fissaggio rapido<br \/>\nCarico massimo: 60 kg<br \/>\nPeso del portabici: 15 kg<br \/>\nPer il trasporto di 4 biciclette<br \/>\nProfilo del telaio serrabile \/ mm: \u00d8 80<br \/>\nNuovo valore 750 \u20ac<br \/>\nConsegnato a mano<\/p>","protected":false},"excerpt":{"rendered":"<p>Porte-v\u00e9lo sur hayon d\u2019origine Volkswagen Comme neuf &#8211; Transport peu encombrant jusqu\u2019\u00e0 4 v\u00e9los sur l&rsquo;arri\u00e8re du v\u00e9hicule &#8211; Charge maximale de 60 kg &#8211; Enti\u00e8rement pr\u00e9mont\u00e9 &#8211; Ouverture du hayon possible sans probl\u00e8me, m\u00eame avec support mont\u00e9 (sans v\u00e9los) &#8211; Pas adapt\u00e9 pour les v\u00e9hicules \u00e0 hayon \u00e9lectrique &#8211; Pieds de fixation coulissants sur [&hellip;]<\/p>\n","protected":false},"author":1204,"template":"","marque-accessoire":[],"categorie-accessoires":[456,463],"post_statut":[],"type-annonces":[45],"localisation":[185,37],"class_list":["post-40031","accessoires","type-accessoires","status-publish","has-post-thumbnail","hentry","categorie-accessoires-equipement-exterieur","categorie-accessoires-porte-velos","type-annonces-particulier","localisation-27-eure","localisation-france"],"_links":{"self":[{"href":"https:\/\/www.mycampermarket.com\/it\/wp-json\/wp\/v2\/accessoires\/40031","targetHints":{"allow":["GET"]}}],"collection":[{"href":"https:\/\/www.mycampermarket.com\/it\/wp-json\/wp\/v2\/accessoires"}],"about":[{"href":"https:\/\/www.mycampermarket.com\/it\/wp-json\/wp\/v2\/types\/accessoires"}],"author":[{"embeddable":true,"href":"https:\/\/www.mycampermarket.com\/it\/wp-json\/wp\/v2\/users\/1204"}],"wp:featuredmedia":[{"embeddable":true,"href":"https:\/\/www.mycampermarket.com\/it\/wp-json\/wp\/v2\/media\/40037"}],"wp:attachment":[{"href":"https:\/\/www.mycampermarket.com\/it\/wp-json\/wp\/v2\/media?parent=40031"}],"wp:term":[{"taxonomy":"marque-accessoire","embeddable":true,"href":"https:\/\/www.mycampermarket.com\/it\/wp-json\/wp\/v2\/marque-accessoire?post=40031"},{"taxonomy":"categorie-accessoires","embeddable":true,"href":"https:\/\/www.mycampermarket.com\/it\/wp-json\/wp\/v2\/categorie-accessoires?post=40031"},{"taxonomy":"post_statut","embeddable":true,"href":"https:\/\/www.mycampermarket.com\/it\/wp-json\/wp\/v2\/post_statut?post=40031"},{"taxonomy":"type-annonces","embeddable":true,"href":"https:\/\/www.mycampermarket.com\/it\/wp-json\/wp\/v2\/type-annonces?post=40031"},{"taxonomy":"localisation","embeddable":true,"href":"https:\/\/www.mycampermarket.com\/it\/wp-json\/wp\/v2\/localisation?post=40031"}],"curies":[{"name":"wp","href":"https:\/\/api.w.org\/{rel}","templated":true}]}}

<p>Portabiciclette originale Volkswagen per portellone posteriore<br />
Come nuovo<br />
- Trasporto salvaspazio di fino a 4 biciclette sul retro del veicolo<br />
- Carico massimo 60 kg<br />
- Completamente preassemblato<br />
- Il portellone posteriore può essere aperto senza problemi, anche con il portapacchi montato (senza biciclette)<br />
- Non adatto a veicoli con portellone posteriore elettrico<br />
- Piedini scorrevoli su guide in alluminio per il posizionamento delle biciclette senza contatto<br />
- I supporti del telaio rimovibili e bloccabili assicurano un carico facile e sicuro<br />
- Facile aggancio dei pneumatici da bicicletta grazie al pratico sistema di fissaggio rapido<br />
Carico massimo: 60 kg<br />
Peso del portabici: 15 kg<br />
Per il trasporto di 4 biciclette<br />
Profilo del telaio serrabile / mm: Ø 80<br />
Nuovo valore 750 €<br />
Consegnato a mano</p>

<p>Porte-vélo sur hayon d’origine Volkswagen Comme neuf &#8211; Transport peu encombrant jusqu’à 4 vélos sur l&rsquo;arrière du véhicule &#8211; Charge maximale de 60 kg &#8211; Entièrement prémonté &#8211; Ouverture du hayon possible sans problème, même avec support monté (sans vélos) &#8211; Pas adapté pour les véhicules à hayon électrique &#8211; Pieds de fixation coulissants sur [&hellip;]</p>
