{"id":34636,"date":"2024-11-13T18:48:31","date_gmt":"2024-11-13T16:48:31","guid":{"rendered":"https:\/\/www.mycampermarket.com\/?post_type=annonces&#038;p=34636"},"modified":"2024-11-13T18:48:31","modified_gmt":"2024-11-13T17:48:31","slug":"camping-car-profile-burstner-lyseo-privilege-fiat-34636","status":"publish","type":"annonces","link":"https:\/\/www.mycampermarket.com\/it\/annonces\/camping-car-profile-burstner-lyseo-privilege-fiat-34636\/","title":{"rendered":"Camper semintegrale B\u00fcrstner lys\u00e9o privil\u00e8ge Fiat"},"content":{"rendered":"<p>1<\/p>","protected":false},"excerpt":{"rendered":"<p>1<\/p>","protected":false},"author":800,"featured_media":34631,"template":"","meta":{"_seopress_titles_title":"B\u00fcrstner Lys\u00e9o Privil\u00e8ge 2019 \u2013 26 500 km \u2013 65 000 \u20ac","_seopress_titles_desc":"B\u00fcrstner Lys\u00e9o Privil\u00e8ge 2019, 26 500 km, 130 ch Diesel, bo\u00eete manuelle, 4 places. Excellent \u00e9tat. 65 000 \u20ac.","_seopress_robots_index":"","_seopress_robots_follow":"","_seopress_robots_imageindex":"","_seopress_robots_snippet":"","_seopress_robots_primary_cat":"","_seopress_robots_breadcrumbs":"","_seopress_robots_freeze_modified_date":"","_seopress_robots_custom_modified_date":"","_seopress_robots_canonical":"","_seopress_social_fb_title":"","_seopress_social_fb_desc":"","_seopress_social_fb_img":"","_seopress_social_fb_img_attachment_id":0,"_seopress_social_fb_img_width":0,"_seopress_social_fb_img_height":0,"_seopress_social_twitter_title":"","_seopress_social_twitter_desc":"","_seopress_social_twitter_img":"","_seopress_social_twitter_img_attachment_id":0,"_seopress_social_twitter_img_width":0,"_seopress_social_twitter_img_height":0,"_seopress_redirections_value":"","_seopress_redirections_enabled":"","_seopress_redirections_enabled_regex":"","_seopress_redirections_logged_status":"","_seopress_redirections_param":"","_seopress_redirections_type":0,"_seopress_analysis_target_kw":"","_seopress_news_disabled":"","_seopress_video_disabled":"","_seopress_video":[],"_seopress_pro_schemas_manual":[],"_seopress_pro_rich_snippets_disable_all":"","_seopress_pro_rich_snippets_disable":[],"_seopress_pro_schemas":[],"dmedia_modele":"lys\u00e9o privil\u00e8ge","dmedia_modele_marque":"ducato","dmedia_genre":"Occasion","dmedia_prix":"65000","dmedia_dev":"EUR","dmedia_kilometrage":26500,"dmedia_cylindree":2300,"type_de_carburant":"Diesel","dmedia_boite-de-vitesses":"Boite manuelle","dmedia_motricite":"Traction avant","dmedia_puissance":"130","dmedia_imatriculation":"04\/04 2019","dmedia_annee":2019,"dmedia_expertise":"05 2023","dmedia_longueur":7450,"dmedia_largeur":7490,"dmedia_hauteur":3000,"dmedia_poid_vide":3000,"dmedia_poid_total":3500,"dmedia_n_place":4,"dmedia_n_couch":2,"dmedia_npa_ville":"35590","dmedia_premium":7,"dmedia_site_ext":"","dmedia_video":"","dmedia_infos":"","dmedia_interlocuteur":null,"dmedia_tel_contact":"","dmedia_internet":"","dmedia_dte_top":"1732016599","dmedia_dte_top_start":"","dmedia_dte_top_end":"","dmedia_dte_delete":"","dmedia_info_delete":"","dmedia_meta_des":"Camping car profil\u00e9 Occasion - B\u00fcrstner lys\u00e9o privil\u00e8ge Fiat - - #mycampermarket #annonces #Camping car profil\u00e9 #B\u00fcrstner #Fiat #","dmedia_dte_pay":"","dmedia_dte_rap":"","dmedia_etape":8,"dmedia_lgs":"fr","dmedia_annonce_info_lgs":"","dmedia_annonce_info_fr":"","dmedia_annonce_info_ia":"","dmedia_galimage_public":"34631,34632,34633,34634,34635","dmedia_galimage":"34631,34632,34633,34634,34635","dmedia_opt_visibilite":0,"dmedia_opt_expo":0,"dmedia_opt_speed":0,"dmedia_opt_social":0},"type-de-vehicule":[5],"localisation":[193,37],"constructeur":[274],"marque":[53],"equipement-cellule":[23,25,28,27,29,30],"equipement-vehicule":[15,17,19,20,16,47,46,48,49,50,21],"type-de-lit":[],"type-annonces":[45],"class_list":["post-34636","annonces","type-annonces","status-publish","has-post-thumbnail","hentry","type-de-vehicule-camping-car-profile","localisation-35-ille-et-vilaine","localisation-france","constructeur-burstner","marque-fiat","equipement-cellule-chauffage-au-gaz","equipement-cellule-cuisiniere-a-gaz","equipement-cellule-douche","equipement-cellule-frigo","equipement-cellule-installation-solaire","equipement-cellule-wc-chimique","equipement-vehicule-abs","equipement-vehicule-aide-au-parcage","equipement-vehicule-airbag-cote-conducteur","equipement-vehicule-airbag-cote-passager","equipement-vehicule-asr","equipement-vehicule-camera-de-recul","equipement-vehicule-climatisation","equipement-vehicule-direction-assistee","equipement-vehicule-leve-vitre-electrique","equipement-vehicule-regulateur-de-vitesse","equipement-vehicule-verrouillage-central","type-annonces-particulier"],"_links":{"self":[{"href":"https:\/\/www.mycampermarket.com\/it\/wp-json\/wp\/v2\/annonces\/34636","targetHints":{"allow":["GET"]}}],"collection":[{"href":"https:\/\/www.mycampermarket.com\/it\/wp-json\/wp\/v2\/annonces"}],"about":[{"href":"https:\/\/www.mycampermarket.com\/it\/wp-json\/wp\/v2\/types\/annonces"}],"author":[{"embeddable":true,"href":"https:\/\/www.mycampermarket.com\/it\/wp-json\/wp\/v2\/users\/800"}],"wp:featuredmedia":[{"embeddable":true,"href":"https:\/\/www.mycampermarket.com\/it\/wp-json\/wp\/v2\/media\/34631"}],"wp:attachment":[{"href":"https:\/\/www.mycampermarket.com\/it\/wp-json\/wp\/v2\/media?parent=34636"}],"wp:term":[{"taxonomy":"type-de-vehicule","embeddable":true,"href":"https:\/\/www.mycampermarket.com\/it\/wp-json\/wp\/v2\/type-de-vehicule?post=34636"},{"taxonomy":"localisation","embeddable":true,"href":"https:\/\/www.mycampermarket.com\/it\/wp-json\/wp\/v2\/localisation?post=34636"},{"taxonomy":"constructeur","embeddable":true,"href":"https:\/\/www.mycampermarket.com\/it\/wp-json\/wp\/v2\/constructeur?post=34636"},{"taxonomy":"marque","embeddable":true,"href":"https:\/\/www.mycampermarket.com\/it\/wp-json\/wp\/v2\/marque?post=34636"},{"taxonomy":"equipement-cellule","embeddable":true,"href":"https:\/\/www.mycampermarket.com\/it\/wp-json\/wp\/v2\/equipement-cellule?post=34636"},{"taxonomy":"equipement-vehicule","embeddable":true,"href":"https:\/\/www.mycampermarket.com\/it\/wp-json\/wp\/v2\/equipement-vehicule?post=34636"},{"taxonomy":"type-de-lit","embeddable":true,"href":"https:\/\/www.mycampermarket.com\/it\/wp-json\/wp\/v2\/type-de-lit?post=34636"},{"taxonomy":"type-annonces","embeddable":true,"href":"https:\/\/www.mycampermarket.com\/it\/wp-json\/wp\/v2\/type-annonces?post=34636"}],"curies":[{"name":"wp","href":"https:\/\/api.w.org\/{rel}","templated":true}]}}

Camper semintegrale Bürstner lyséo privilège Fiat

Bürstner Lyséo Privilège 2019 – 26 500 km – 65 000 €

Bürstner Lyséo Privilège 2019, 26 500 km, 130 ch Diesel, boîte manuelle, 4 places. Excellent état. 65 000 €.

lyséo privilège

Camping car profilé Occasion - Bürstner lyséo privilège Fiat - - #mycampermarket #annonces #Camping car profilé #Bürstner #Fiat #
