{"id":93980,"date":"2026-09-02T21:25:13","date_gmt":"2026-09-02T19:25:13","guid":{"rendered":"https:\/\/www.mycampermarket.com\/?post_type=annonces&#038;p=93980"},"modified":"2026-09-02T21:25:13","modified_gmt":"2026-09-02T19:25:13","slug":"camping-car-profile-pilote-p696u-evidence-fiat-93980","status":"publish","type":"annonces","link":"https:\/\/www.mycampermarket.com\/it\/annonces\/camping-car-profile-pilote-p696u-evidence-fiat-93980\/","title":{"rendered":"Camping-car profil\u00e9 Pilote P696U \u00e9vidence Fiat"},"content":{"rendered":"","protected":false},"excerpt":{"rendered":"","protected":false},"author":2319,"featured_media":93982,"template":"","meta":{"_seopress_titles_title":"Pilote P696U 2022 \u2013 13 700 km \u2013 Automatique \u2013 65 900 \u20ac","_seopress_titles_desc":"Pilote P696U \u00c9vidence 2022 \u2013 13 700 km, diesel automatique 140 ch, 4 places. Camping-car profil\u00e9 en excellent \u00e9tat \u00e0 65 900 \u20ac.","_seopress_robots_index":"","_seopress_robots_follow":"","_seopress_robots_imageindex":"","_seopress_robots_snippet":"","_seopress_robots_primary_cat":"","_seopress_robots_breadcrumbs":"","_seopress_robots_freeze_modified_date":"","_seopress_robots_custom_modified_date":"","_seopress_robots_canonical":"","_seopress_social_fb_title":"","_seopress_social_fb_desc":"","_seopress_social_fb_img":"","_seopress_social_fb_img_attachment_id":0,"_seopress_social_fb_img_width":0,"_seopress_social_fb_img_height":0,"_seopress_social_twitter_title":"","_seopress_social_twitter_desc":"","_seopress_social_twitter_img":"","_seopress_social_twitter_img_attachment_id":0,"_seopress_social_twitter_img_width":0,"_seopress_social_twitter_img_height":0,"_seopress_redirections_value":"","_seopress_redirections_enabled":"","_seopress_redirections_enabled_regex":"","_seopress_redirections_logged_status":"","_seopress_redirections_param":"","_seopress_redirections_type":0,"_seopress_analysis_target_kw":"","_seopress_news_disabled":"","_seopress_video_disabled":"","_seopress_video":[],"_seopress_pro_schemas_manual":[],"_seopress_pro_rich_snippets_disable_all":"","_seopress_pro_rich_snippets_disable":[],"_seopress_pro_schemas":[],"dmedia_modele":"P696U \u00e9vidence","dmedia_modele_marque":"","dmedia_genre":"Occasion","dmedia_prix":"65900","dmedia_dev":"EUR","dmedia_kilometrage":13700,"dmedia_cylindree":22,"type_de_carburant":"Diesel","dmedia_boite-de-vitesses":"Automatique","dmedia_motricite":"Traction avant","dmedia_puissance":"140","dmedia_imatriculation":"1662076800","dmedia_annee":2022,"dmedia_expertise":"1662076800","dmedia_longueur":699,"dmedia_largeur":235,"dmedia_hauteur":299,"dmedia_poid_vide":2908,"dmedia_poid_total":3500,"dmedia_n_place":4,"dmedia_n_couch":4,"dmedia_npa_ville":"57250 MOYEUVRE GRANDE","dmedia_premium":7,"dmedia_site_ext":"","dmedia_video":"","dmedia_infos":"","dmedia_interlocuteur":"","dmedia_tel_contact":"","dmedia_internet":"","dmedia_dte_top":"1788377113","dmedia_dte_top_start":"","dmedia_dte_top_end":"","dmedia_dte_delete":"","dmedia_info_delete":"","dmedia_meta_des":"","dmedia_dte_pay":"","dmedia_dte_rap":"","dmedia_etape":8,"dmedia_lgs":"fr","dmedia_annonce_info_lgs":"","dmedia_annonce_info_fr":"","dmedia_annonce_info_ia":"","dmedia_galimage_public":"93982,93983,93984,93986,93985","dmedia_galimage":"93982,93983,93984,93986,93985","dmedia_opt_visibilite":0,"dmedia_opt_expo":0,"dmedia_opt_speed":0,"dmedia_opt_social":0},"type-de-vehicule":[5],"localisation":[133,37],"constructeur":[298],"marque":[53],"equipement-cellule":[23,25,28,27,29,30],"equipement-vehicule":[15,17,19,20,16,47,48,49,51,50,22,21],"type-de-lit":[1013],"type-annonces":[],"class_list":["post-93980","annonces","type-annonces","status-publish","has-post-thumbnail","hentry","type-de-vehicule-camping-car-profile","localisation-57-moselle","localisation-france","constructeur-pilote","marque-fiat","equipement-cellule-chauffage-au-gaz","equipement-cellule-cuisiniere-a-gaz","equipement-cellule-douche","equipement-cellule-frigo","equipement-cellule-installation-solaire","equipement-cellule-wc-chimique","equipement-vehicule-abs","equipement-vehicule-aide-au-parcage","equipement-vehicule-airbag-cote-conducteur","equipement-vehicule-airbag-cote-passager","equipement-vehicule-asr","equipement-vehicule-camera-de-recul","equipement-vehicule-direction-assistee","equipement-vehicule-leve-vitre-electrique","equipement-vehicule-phares-antibrouillard","equipement-vehicule-regulateur-de-vitesse","equipement-vehicule-systeme-dalarme","equipement-vehicule-verrouillage-central","type-de-lit-lit-escamotable"],"_links":{"self":[{"href":"https:\/\/www.mycampermarket.com\/it\/wp-json\/wp\/v2\/annonces\/93980","targetHints":{"allow":["GET"]}}],"collection":[{"href":"https:\/\/www.mycampermarket.com\/it\/wp-json\/wp\/v2\/annonces"}],"about":[{"href":"https:\/\/www.mycampermarket.com\/it\/wp-json\/wp\/v2\/types\/annonces"}],"author":[{"embeddable":true,"href":"https:\/\/www.mycampermarket.com\/it\/wp-json\/wp\/v2\/users\/2319"}],"wp:featuredmedia":[{"embeddable":true,"href":"https:\/\/www.mycampermarket.com\/it\/wp-json\/wp\/v2\/media\/93982"}],"wp:attachment":[{"href":"https:\/\/www.mycampermarket.com\/it\/wp-json\/wp\/v2\/media?parent=93980"}],"wp:term":[{"taxonomy":"type-de-vehicule","embeddable":true,"href":"https:\/\/www.mycampermarket.com\/it\/wp-json\/wp\/v2\/type-de-vehicule?post=93980"},{"taxonomy":"localisation","embeddable":true,"href":"https:\/\/www.mycampermarket.com\/it\/wp-json\/wp\/v2\/localisation?post=93980"},{"taxonomy":"constructeur","embeddable":true,"href":"https:\/\/www.mycampermarket.com\/it\/wp-json\/wp\/v2\/constructeur?post=93980"},{"taxonomy":"marque","embeddable":true,"href":"https:\/\/www.mycampermarket.com\/it\/wp-json\/wp\/v2\/marque?post=93980"},{"taxonomy":"equipement-cellule","embeddable":true,"href":"https:\/\/www.mycampermarket.com\/it\/wp-json\/wp\/v2\/equipement-cellule?post=93980"},{"taxonomy":"equipement-vehicule","embeddable":true,"href":"https:\/\/www.mycampermarket.com\/it\/wp-json\/wp\/v2\/equipement-vehicule?post=93980"},{"taxonomy":"type-de-lit","embeddable":true,"href":"https:\/\/www.mycampermarket.com\/it\/wp-json\/wp\/v2\/type-de-lit?post=93980"},{"taxonomy":"type-annonces","embeddable":true,"href":"https:\/\/www.mycampermarket.com\/it\/wp-json\/wp\/v2\/type-annonces?post=93980"}],"curies":[{"name":"wp","href":"https:\/\/api.w.org\/{rel}","templated":true}]}}

Camping-car profilé Pilote P696U évidence Fiat

Pilote P696U Évidence 2022 – 13 700 km, diesel automatique 140 ch, 4 places. Camping-car profilé en excellent état à 65 900 €.

P696U évidence
